q, -3*q - u + 5*u - 10520 = 0. What is the remainder when q/(-84) - (-4)/14 is divided by x?
9
Let n(s) = -2*s**2 + 28*s + 1092. What is the remainder when 873 is divided by n(31)?
37
Suppose 5*u - x + 4 = -2*x, -2*x - 8 = -2*u. Suppose 7*p - 455 = -u*p. Let z = 28 + -17. Calculate the remainder when p is divided by z.
10
Let g(d) = 2*d**2 - 5*d - 7. Suppose 1047 - 1031 = -8*y. Let p(o) = o**3 - 2*o**2 - 2*o + 9. What is the remainder when p(6) is divided by g(y)?
9
Suppose 0 = 4*d - 3*j - 122, 13*d - 2 = 12*d - 4*j. Calculate the remainder when 11619 is divided by d.
23
Let v(c) = -18*c - 46. Let s be v(-2). Calculate the remainder when 58 is divided by (44/s - 2)/((-2)/5).
10
Let d(h) = -4*h - 11. Let b(a) = -38*a - 123 + 28*a - 24*a. What is the remainder when d(-9) is divided by b(-4)?
12
Suppose 3*s - 22 = 1289. Let m = -408 + s. Suppose 0 = -5*x - 4*g + 250, -x + 32 = 4*g - 2. Calculate the remainder when x is divided by m.
25
Let x = 96 - 47. Let z be ((-4)/32*-956)/(4/8). Let d = 334 - z. What is the remainder when d is divided by x?
46
Let o = -2114 - -2138. Calculate the remainder when 3572 is divided by o.
20
Suppose 0 = 4*b + 3*s + s, -5*b - 8 = s. Suppose 658 = 216*v - 202*v. Calculate the remainder when v is divided by 28/(-10)*(b + -3).
5
Let v(z) = 2*z + 21. Let c be v(-10). Calculate the remainder when 40 is divided by (6 - 4) + c + (-1 - -14).
8
Suppose -3*t + z + 44 = 0, 344*t - 5*z - 16 = 346*t. What is the remainder when (-754)/(-10) + (-2)/5 is divided by t?
3
Let i(c) = 7*c + 114. Let l be i(-12). Suppose 0 = -26*y + l*y + 3*a - 1, -a = -5*y + 25. Calculate the remainder when 13 is divided by y.
1
Suppose 37*v - 92*v + 5886 = -28*v. What is the remainder when 652 is divided by v?
216
Let p(y) = -y**2 + 4*y - 5. Let o be p(2). Let v be 0*(0 - -1)*o. Let d(m) = -m + 13. Calculate the remainder when 103 is divided by d(v).
12
Let x be ((-16)/(-6) + -2)/(2/(-12)). Let j be x + 18 - 3*1. Suppose -j*i + 20 = -6*i. What is the remainder when 10 is divided by i?
2
Let v(s) = -480*s + 59632. Let l = 67 + -29. Calculate the remainder when v(124) is divided by l.
36
Suppose 5*z + 7 + 8 = -4*c, 2*c - 2*z = 6. Suppose 82*u - 85*u + 99 = c. What is the remainder when 130 is divided by u?
31
Suppose 161*s = 9*s + 58672. What is the remainder when s is divided by 4?
2
Let i(m) = -2*m + 23. Let l be i(4). Let v(u) = -u**2 + 6*u + 4. Calculate the remainder when 9/l - (685/(-25) - -2) is divided by v(6).
2
Let p be -4 - 42/12*-2. Suppose 0 = 5*s - 2*j - 2*j - 370, 5*s - 370 = p*j. What is the remainder when 1108 is divided by s?
72
Let g(m) = -15*m - 21. Let l be g(-11). Suppose -4*s + a = 58 - l, 5*a - 32 = -2*s. Let d = s + 58. What is the remainder when d is divided by 20?
19
Suppose 4*r - 5*h = 747, -552 = -6*r + 3*r + h. Calculate the remainder when r is divided by 34.
13
Suppose 366*o - 92768 = 51*o - 101*o. Calculate the remainder when o is divided by 84.
55
Let n = -4571 + 7778. Suppose -270 = 33*c - n. Suppose 4*u = 51 + 41. What is the remainder when c is divided by u?
20
Let i(k) = 3*k + 18. Let x be i(-5). Suppose -32 = -c + x*c. Calculate the remainder when (-8)/c - 90/(-4) is divided by 12.
11
Let d(v) = 309*v + 870. What is the remainder when d(5) is divided by 13?
10
Let l = -975 - -767. Let a = 244 + l. What is the remainder when 174 is divided by a?
30
Let t = 190 - 196. What is the remainder when 24 is divided by (t/8)/(25/(-300))?
6
Let l be ((-4)/(-6))/((-24)/(-396)). Suppose -32 = 3*p - l*p. Suppose 118 = 2*t - p*m, -t + 3*m + 67 = -m. Calculate the remainder when t is divided by 18.
15
Let i = 87 + -82. Suppose 0*m + 25 = -i*m, 166 = -3*k + m. Let o = k + 94. Calculate the remainder when o is divided by 8.
5
Let p = 223 + -137. Calculate the remainder when 1542 is divided by p.
80
Calculate the remainder when 26727 is divided by (((-15)/(-12))/((-51)/748))/((-5)/18).
63
Let b be (-10)/3*30/(-10). Let t(y) = -y**3 + 11*y**2 + 3*y - 3. Let r be t(b). Suppose 0 = 4*p - r + 35. What is the remainder when p is divided by 5?
3
Suppose -48*i + 35*i = -143. Let h = 40 + -19. Calculate the remainder when i - 5 - (-3 + -25) is divided by h.
13
Suppose 5*g - 2*q = 3 + 22, 2*g - q = 9. Let w(k) = -14*k**2 - 2622*k - 3282. Calculate the remainder when w(-186) is divided by g.
3
Suppose 3*l + a + 1 = -l, 0 = 2*a + 2. Suppose l = -i + 2*i - 40. What is the remainder when 42*((-4743)/(-54))/31 is divided by i?
39
What is the remainder when ((-85)/(-17))/(3/549) is divided by 453?
9
Suppose -5*w + 5755 = 4*j - 2184, 3*w - 9914 = -5*j. What is the remainder when j is divided by 16?
13
Let y = -229 - -85. Suppose 0 = -0*l + 4*l - 84. Calculate the remainder when (-64)/y + 536/9 is divided by l.
18
Suppose -28 = -2*t + t + 2*z, -2*t - 4*z = -24. Let q = 158 + -466. Let f = q + 344. What is the remainder when f is divided by t?
16
Suppose 1 = w, 5*l + 140 - 171 = -w. Suppose 0*p = p - 65. Suppose -l*b + p = -163. Calculate the remainder when 74 is divided by b.
36
Let z(m) = -m**3 - m**2 - 6. Let a = 32 - 24. Let t(c) = -c**2 + 6*c + 13. Let o be t(a). What is the remainder when 42 is divided by z(o)?
6
Let l = 420 - 294. Suppose -981*z + 1290 = -951*z. What is the remainder when l is divided by z?
40
Suppose 16*x - 34224 = -x - 10611. Calculate the remainder when x is divided by 58.
55
Let i(u) = -1046*u - 4843. Calculate the remainder when i(-9) is divided by 760.
11
Let o be (2/(-4))/(2/(-556)). Suppose o = 3*y - d, 231 = y + 4*y - 2*d. Suppose -478*k + 5605 + 863 = -16*k. Calculate the remainder when y is divided by k.
5
Suppose y - 5*d - 47 = 0, -62 - 56 = -2*y + 4*d. Let v = 94 + y. Let t = 164 - 110. Calculate the remainder when v is divided by t.
53
Suppose -81*h - 1326 = -120*h. Suppose 4*j - 111 - 93 = 0. Calculate the remainder when j is divided by h.
17
Let a = 87 - 85. Suppose -a*k + 6 = 0, 0*k + 4*k = 3*s - 327. Calculate the remainder when s is divided by 57.
56
Let q = 62 + -62. Suppose 31*h - 28*h - 489 = q. What is the remainder when h is divided by 24?
19
Let w(o) be the third derivative of -41*o**6/40 - o**5/60 - o**4/8 - o**3/6 + 5*o**2 - o. Calculate the remainder when w(-1) is divided by 32.
28
Let g(f) = 2*f**3 + 6*f**2 + 16*f - 12. Let r be g(-4). Let u = r - -446. What is the remainder when u is divided by 17?
15
Suppose 3*j + 4586 = n, 116 = 4*j + 100. What is the remainder when n is divided by 115?
113
Let f be 7/84 + 12635/12. Suppose 4*i - f = -89. What is the remainder when i is divided by 41?
36
Let o = -520 - -511. Let h(d) = -83*d + 106. What is the remainder when h(o) is divided by 57?
55
Let x(t) = t**3 + 15*t**2 - 3*t - 13. Let r be x(-12). Suppose 0 = -4*p - 5*k + r, 2*p + 3*p - 5*k - 580 = 0. What is the remainder when p is divided by 32?
19
Let p = 518 + -151. Let j(n) = n**2 + 22*n + 127. What is the remainder when p is divided by j(-13)?
7
Suppose 2725 + 1394 = 3*f - a, 6879 = 5*f - 4*a. Calculate the remainder when f is divided by 25.
21
Suppose 3*d - 109 = -3*m - 10, d = 4*m - 147. Calculate the remainder when 1089 is divided by m.
9
Let m(z) = -z**3 - 10*z**2 - z. Let x(n) = -6*n - 75. What is the remainder when x(-16) is divided by m(-10)?
1
Let n(w) = -22*w + 11. Let t(g) = -g**2 - 1 - 2*g**3 + 12*g**2 - 11*g + 3*g**3 - 17*g**2. Calculate the remainder when n(-10) is divided by t(8).
36
Suppose 0 = 151*p - 35*p - 61596. Calculate the remainder when p is divided by 61.
43
Let p = 54 + -114. Let b = -82 - p. Let j = 37 + b. What is the remainder when j is divided by 6?
3
Let t(d) = d**2 - 37*d - 97. Suppose -143 = -40*l + 1457. Calculate the remainder when 89 is divided by t(l).
20
What is the remainder when 333 is divided by 5*1304/160 + (-30)/(-24)?
39
Let t = -12927 - -13062. What is the remainder when t is divided by 79?
56
Suppose -q - 6 = -o, -2*o + 8 = -q - 2. Suppose -757 = -o*u + 139. What is the remainder when u is divided by 45?
44
Let f = 245 - 240. Suppose -609 + 409 = -f*z. What is the remainder when 196 is divided by z?
36
Suppose -3*i = 1555*o - 1554*o - 32, -2*i + 10 = -5*o. What is the remainder when 217 is divided by i?
7
Suppose -4*t + 11*l - 7*l = -5232, 0 = 4*t + 5*l - 5232. Calculate the remainder when t is divided by 7.
6
Suppose -5*v + 150 = -2*k + 3*k, 5*k = -v 